9*q - 37*q - 324. Let w = 24 + -15. Let x(g) = g**2 - 3*g. Let k be x(w). Calculate the highest common factor of q and k.
27
Let q = -6 - -17. Suppose 9*m + 432 = q*m. What is the highest common divisor of 24 and m?
24
Let m be (4/(-10))/(0 - (-2)/(-100)). Calculate the greatest common divisor of 640 and m.
20
Let i be 9*2 - (6 - (5 - -5)). Suppose -6*m = 5*m - i. Calculate the greatest common factor of m and 32.
2
Let a be 37443/24 + (-19)/152. What is the highest common divisor of 360 and a?
120
Let p(q) be the third derivative of q**6/120 + 7*q**5/60 + 5*q**4/24 + q**3/6 + 5*q**2. Let k be p(-6). Calculate the highest common divisor of k and 35.
7
Suppose -72 = -13*a + 7*a. Let l = -3 + a. What is the highest common factor of l and 45?
9
Suppose 0*m - 5 = -y + m, 4*m = -3*y + 15. Suppose -2*t + t = -5*v - 29, 41 = y*t + v. Calculate the highest common divisor of t and 54.
9
Suppose -4*a - 144 = -a. Let v be 224/a*(-15 - 0). Calculate the highest common factor of v and 10.
10
Suppose 510 = 4*q - 5*r, -392 = -3*q - 2*r + r. What is the highest common divisor of 20 and q?
10
Let f(p) = 26*p**3 - 3*p**2 + 3*p + 1. Let s be f(2). Calculate the highest common factor of 29 and s.
29
Let t = -102 - -112. Suppose 2*x + 2*x = -3*n + 214, -4*n + 276 = -4*x. What is the highest common divisor of t and n?
10
Let b = 561 - 401. Calculate the highest common divisor of 32 and b.
32
Let w be 1852/5 + 424/40 + -11. What is the highest common factor of w and 10?
10
Let h(i) = 13*i + 468. Let w be h(-16). What is the highest common factor of w and 65?
65
Let l(r) = -r**3 - 9*r**2 - 7*r + 2. Let o be l(-8). Let k be (-270)/(-33) - o/(-33). Calculate the highest common divisor of 20 and k.
4
Let k(p) = -3612*p**3 + 11*p**2 + 10*p - 1. Let m be k(-1). What is the greatest common factor of 84 and m?
84
Let l = 49 - 48. Let m be 30/(1 + l - (-60)/(-35)). What is the greatest common divisor of 21 and m?
21
Let a(k) = -2*k**3 - 23*k**2 - 15*k + 14. Let x be a(-11). Let t = 67 - x. Suppose 0 = -u - 1 + 2. Calculate the highest common divisor of u and t.
1
Let u(g) = -g**3 + 3*g**2 + 3*g + 1. Let r(n) = -n**3 - n**2 - 2. Let h be r(0). Let t be u(h). Calculate the greatest common factor of t and 15.
15
Suppose 324*u = 320*u + 348. Calculate the greatest common divisor of u and 12.
3
Suppose -p - 27 = -n - 3*n, 0 = 5*p - n + 173. Let k = p + 45. What is the highest common factor of 25 and k?
5
Let k(t) = 350*t**2 + 11*t + 4. Let v be k(-1). What is the greatest common factor of 49 and v?
49
Let g(m) = -2*m**3 - 38*m**2 + 37*m - 38. Let w be g(-20). What is the greatest common divisor of 594 and w?
22
Let a = 375 + -334. What is the greatest common divisor of 246 and a?
41
Let g = -11 - -12. Let x = g - 1. Suppose 0 = 5*p + 15, -2*f + 2*p + 528 = -x*p. Calculate the greatest common factor of 29 and f.
29
Let c(r) = r. Let d(s) = s**2 - 3*s - 10. Let o(p) = 6*c(p) + d(p). Let z be o(7). What is the greatest common divisor of z and 15?
15
Let m = 53 + -36. Let b be (-954)/(-8) + 6/(-24). What is the highest common divisor of b and m?
17
Let u be 12/7*(-27 + 41). Calculate the highest common factor of u and 636.
12
Let z be 4/((-6)/384*-4). Calculate the greatest common factor of z and 32.
32
Let r(q) = -q - 14*q**2 - 14 - 11 - q + 15*q**2. Let m be r(7). Let u = 159 - 109. Calculate the highest common divisor of u and m.
10
Let l be (4/(-6))/(3/252*-1). Calculate the highest common divisor of 16 and l.
8
Suppose 5*v + 36 = 2*v. Let p = v + 20. Let k be (-14)/(-98) + (-1006)/(-14). What is the greatest common factor of p and k?
8
Let v(g) = -g**2 - 26*g + 16. Let b be v(-26). Let k = 11 + -7. Suppose 0 = o + k*o - 320. Calculate the greatest common factor of b and o.
16
Let l(g) = 50*g**2 + 6*g + 4. Let u be l(-2). Suppose o - 64 = -2*k - o, o + 128 = 4*k. Calculate the greatest common divisor of u and k.
32
Let f = -79 + 83. Suppose -d + 6*d = -f*u + 75, 2*d - 6 = 0. What is the highest common factor of u and 15?
15
Let l = 64 - 57. Let m be 2/3 + 1/3. Let o = l + m. What is the greatest common divisor of o and 72?
8
Let n be (-13)/(-26) + -1 + (-170)/(-4). Calculate the greatest common factor of 28 and n.
14
Suppose -c = 5*n - 347, n - 733 = -2*c + 4*n. Let v = -186 + c. What is the highest common factor of 8 and v?
8
Let d(w) = 2*w**2 - 4*w. Let o be d(6). Suppose -3*g - 2 = -8. Let j be 1*8 - (2 - g). Calculate the highest common divisor of o and j.
8
Suppose 0 = -2*w - 2 + 6. Let r be -5 - -9 - (-1 - w). Let z be (12/10)/(r/35). What is the greatest common divisor of 42 and z?
6
Let m be (117/2)/((-38)/(-76)). Calculate the greatest common divisor of 338 and m.
13
Suppose -8*x + 7*x = 0. Suppose 4*b - b = -2*d + 399, x = -2*b + 3*d + 279. Suppose 0 = -10*m + 5*m + b. What is the greatest common factor of 54 and m?
27
Suppose 0 = 2*g - 4*g + 18. Let f be (8 - 1) + 16/(-2). Let o = g + f. Calculate the highest common factor of o and 20.
4
Suppose 0 = -3*z - 9, 6*i + 729 = 11*i - 3*z. Let f be (-3)/((-2)/(-3) - 1). What is the greatest common divisor of f and i?
9
Suppose -s - 2*s = -6. Suppose -1188 = -72*u + 75*u. Let k be u/22*s/(-4). What is the greatest common divisor of 81 and k?
9
Let r be 3/6*(0 + 0). Let m(j) = -6*j + 2*j - 1 - 2 + r*j. Let c be m(-3). What is the highest common factor of c and 99?
9
Let l(i) be the first derivative of -i**2/2 + 2*i - 5. Let s be l(1). Suppose -z = -6 + s. Calculate the highest common factor of 40 and z.
5
Let i(r) = r**3 - 6*r**2 - 3*r - 3. Let v be i(7). Let c = 6 + v. Let k be 1/(-1)*7*-31. Calculate the greatest common divisor of k and c.
31
Suppose 64 = 3*a - 7*a. Let f = -14 - a. Let c be f/(-1)*17/(-2). Calculate the highest common factor of 85 and c.
17
Let x = 39 + -37. Let f be x*115*(-5)/(-10). Calculate the highest common factor of f and 23.
23
Suppose -5 - 7 = -3*z. Let a = 74 + -22. Calculate the greatest common divisor of z and a.
4
Suppose -504 = -11*o + 7*o. Calculate the highest common divisor of o and 56.
14
Suppose -r + 4*g + 11 = g, 2*r + 5*g = 11. Let c be (-4)/r*(-40)/2. Calculate the highest common factor of c and 50.
10
Suppose n + h - 65 = 0, 5*h + 105 = 2*n - 11. Calculate the highest common factor of n and 9.
9
Let i = -92 - -94. Suppose -3*g - i*n + 28 = 0, n = 5*g - 35 - 3. What is the greatest common divisor of 8 and g?
8
Suppose 44*z - 48*z = -132. Calculate the highest common factor of 3 and z.
3
Suppose -8 = -2*f + 16. Suppose 0 = t + 209 - 269. What is the greatest common divisor of t and f?
12
Let p(f) = 17*f - 161. Let r be p(10). Calculate the highest common factor of 180 and r.
9
Let m = 116 - 100. Let k be 12 + (-4 - -4)/(-3 - -1). What is the greatest common divisor of m and k?
4
Let j(q) = -q**3 - 5*q**2 - 6*q - 2. Let w be j(-6). Suppose -34*n + 18 = -31*n, -2*d - n + 62 = 0. Calculate the greatest common factor of w and d.
14
Let t(w) = -7*w**3 - 2*w**2 - 25*w + 8. Let g be t(-6). Calculate the highest common divisor of g and 94.
94
Let l(j) = -2 - 2*j + 6 + 8. Let z be l(9). Let t be (38/z)/(9/(-27)). Calculate the highest common factor of 19 and t.
19
Let t be ((-21)/(-9) + 7)*-3*-2. Calculate the greatest common divisor of 406 and t.
14
Let n be ((-72)/42)/((-5)/630). Calculate the greatest common divisor of 24 and n.
24
Let c be (-12070)/51*6/(-4). Suppose -2*l - 208 = -5*y + 394, -3*y - 5*l = -c. Calculate the greatest common divisor of y and 15.
15
Suppose -y + 0 = -5. Suppose -3*q + 146 = -5*k, y*k = 4*q - 204 + 16. Let l be (-40)/(-7) - (-4)/14. Calculate the highest common divisor of l and q.
6
Let q be 1/(2/8 + 0). Suppose q*w - 19 = 45. Let r = w - -10. What is the highest common divisor of r and 286?
26
Suppose 3*p = 2*g + 210, 5*p + 2*g - 25 - 309 = 0. What is the greatest common divisor of p and 306?
34
Let z = 1 + -1. Suppose -2*h = -h - o - 93, -5*h - 3*o + 449 = z. What is the highest common divisor of h and 13?
13
Let y = -239 + 270. What is the highest common factor of y and 279?
31
Suppose 4*z + p - 629 = 0, 3*z = 3*p + 219 + 234. What is the greatest common factor of z and 12?
12
Let g = -23 - 35. Let s = 68 + g. Calculate the greatest common factor of 10 and s.
10
Suppose -195 = -4*w - p, -5 = 3*p - 2*p. Suppose 0 = -q + 49. Let n = q + -29. Calculate the high